427 + 8854?
10281
In base 16, what is -1b + 4dcde?
4dcc3
In base 5, what is 10 + -43421204100?
-43421204040
In base 4, what is -232121032031 + 113?
-232121031312
In base 11, what is 62957 + -6925?
57032
In base 11, what is 8366178 - 3?
8366175
In base 3, what is 10000110210 - 202202?
2222201001
In base 14, what is -67c5a4 - -5?
-67c59d
In base 16, what is -ca2 + d4ad?
c80b
In base 5, what is -1304 + -12404314?
-12411123
In base 7, what is -1010 - 1024212?
-1025222
In base 8, what is -4 - -114332061?
114332055
In base 7, what is 263 - 3105303?
-3105010
In base 9, what is -1040055 - -3?
-1040052
In base 15, what is 27857e - 4c?
278532
In base 13, what is -1b179b - 33?
-1b1801
In base 5, what is 40 + 10020142?
10020232
In base 5, what is -12141214 + 132?
-12141032
In base 10, what is 23 + 21631114?
21631137
In base 16, what is -1 - -32df81?
32df80
In base 9, what is -465308 - 15?
-465324
In base 16, what is 148e72a + -4?
148e726
In base 12, what is -938616 + 18?
-9385ba
In base 8, what is -22456 - 551?
-23227
In base 13, what is -96ca7 - -1?
-96ca6
In base 2, what is 10011001001111100100011 - -101?
10011001001111100101000
In base 10, what is -346 - 430655?
-431001
In base 7, what is -40201040 + 3?
-40201034
In base 6, what is -14314210 - -220?
-14313550
In base 16, what is 4 + -57f42b5?
-57f42b1
In base 11, what is 0 - -140a78?
140a78
In base 4, what is 201123 - 3033?
132030
In base 7, what is 13 - 30426521?
-30426505
In base 4, what is -121132311130 - -2?
-121132311122
In base 16, what is 5 - f78a74?
-f78a6f
In base 14, what is -4 + 615103?
6150dd
In base 4, what is 1113022023 - 1113?
1113020310
In base 11, what is -2694 - a874?
-12458
In base 8, what is 5205 - -3014?
10221
In base 4, what is -203203 - 131122031?
-131331300
In base 6, what is 3235434042 + -5?
3235434033
In base 12, what is 1625 - 5203?
-379a
In base 13, what is 276603 + -22c?
2763a4
In base 16, what is 12aad252 + 3?
12aad255
In base 9, what is -2660682 - -65?
-2660616
In base 14, what is da7d2d8 - 0?
da7d2d8
In base 2, what is -1100 - 1000101101101011100010?
-1000101101101011101110
In base 6, what is -35 + 343522224?
343522145
In base 3, what is 10111111020 + 2202102?
10121020122
In base 8, what is 1 + -142764430?
-142764427
In base 9, what is 3651038 - -5?
3651044
In base 8, what is 4762605 + 3?
4762610
In base 9, what is -8 + -6253543?
-6253552
In base 2, what is 11100101100001011000 + 1001?
11100101100001100001
In base 14, what is 4 + 291dc7a?
291dc80
In base 4, what is -2012302333220 - -11?
-2012302333203
In base 2, what is -1010010111101 + -101101101111?
-10000000101100
In base 6, what is 204 + -140502?
-140254
In base 15, what is 1 + 11401659?
1140165a
In base 7, what is -13522 + -20566?
-34421
In base 13, what is bcb657 + 1b?
bcb675
In base 3, what is 121101220011 + -2020?
121101210221
In base 6, what is 424404244 + 1?
424404245
In base 11, what is -38287 + 1514?
-36873
In base 16, what is 10 - -acdd95?
acdda5
In base 3, what is 120112102100 - -1000022?
120120102122
In base 6, what is 51114455 + 21?
51114520
In base 6, what is -5 - 1352424012?
-1352424021
In base 13, what is 45 + 67a745?
67a78a
In base 3, what is -11 + -10020200122101202?
-10020200122101220
In base 15, what is 1 + 6cc6e2?
6cc6e3
In base 15, what is 16c030 - 2d?
16c002
In base 16, what is 6eba0c + -61?
6eb9ab
In base 2, what is 101 - 10110001000110100000?
-10110001000110011011
In base 5, what is 120103 - -340033?
1010141
In base 13, what is -1069a89 + -3?
-1069a8c
In base 11, what is 56200a4 - -3?
56200a7
In base 15, what is -5 - -29931a?
299315
In base 7, what is -5 + 22632261?
22632253
In base 15, what is -3433a - -566?
-33cc4
In base 13, what is 11c + 4b844?
4b963
In base 6, what is 205504 - -121442?
331350
In base 16, what is -3 - 456181?
-456184
In base 8, what is -233 - 1151736?
-1152171
In base 13, what is 58ab671 + 4?
58ab675
In base 8, what is -12777 - 5572?
-20571
In base 16, what is a0f62 + -5?
a0f5d
In base 11, what is -65552 - 29?
-65580
In base 9, what is -2432803 - -48?
-2432744
In base 11, what is -13 + -21a597?
-21a5aa
In base 2, what is 110010 + -101011100011010011?
-101011100010100001
In base 6, what is 5134501 + 135?
5135040
In base 16, what is -47 - -1c024?
1bfdd
In base 8, what is 4 + 334456155?
334456161
In base 6, what is 424020251121 + -4?
424020251113
In base 13, what is -1112 + -5cb3a?
-60c4c
In base 15, what is 15 - -1b4b1?
1b4c6
In base 8, what is 1267724 - 50?
1267654
In base 8, what is 1133715265 + 3?
1133715270
In base 9, what is -3 + 26461788?
26461785
In base 5, what is 210 - 213200413?
-213200203
In base 6, what is -30 - -1552240?
1552210
In base 16, what is 11 - 13152?
-13141
In base 14, what is 24 + -1a1985?
-1a1961
In base 14, what is 3901752b - 5?
39017526
In base 14, what is 4b + 48ad7?
48b44
In base 2, what is -1100100111000001 - 101111111000?
-1101010110111001
In base 12, what is 307 + 967969?
968074
In base 13, what is 101a070 + 4c?
101a0bc
In base 13, what is -23a940 - 41?
-23a981
In base 13, what is 12 - 427248?
-427236
In base 4, what is 1 + -10230112113322?
-10230112113321
In base 8, what is 416510177 + -4?
416510173
In base 14, what is 31 - -423a68?
423a99
In base 9, what is 16514 + 56?
16571
In base 7, what is 3 - 25114565?
-25114562
In base 11, what is 61493232 - -2?
61493234
In base 5, what is -1143322433334 - -2?
-1143322433332
In base 8, what is -2466556273 + -1?
-2466556274
In base 15, what is 197c - -ea1?
292d
In base 10, what is 47 + 17104?
17151
In base 14, what is -68d - 1a51?
-2300
In base 16, what is 915 + 14c7e?
15593
In base 8, what is -5 + 344246?
344241
In base 9, what is 71464485 - 5?
71464480
In base 11, what is 2633327 + 5?
2633331
In base 3, what is 100111111211211112 + 20?
100111111211211202
In base 8, what is -5 + 2010040?
2010033
In base 10, what is 0 + -21911543?
-21911543
In base 13, what is -5293 - -10a?
-5186
In base 9, what is 2 - -3123187?
3123200
In base 8, what is -30 - -213545?
213515
In base 15, what is -2b35034 - -25?
-2b3500e
In base 6, what is -32250535 - 3?
-32250542
In base 9, what is -381604 + -50?
-381654
In base 10, what is 20790395 - -1?
20790396
In base 2, what is 1110111000110010101011000 - -11011?
1110111000110010101110011
In base 2, what is -1000 - -11110100010101001100101100?
11110100010101001100100100
In base 9, what is -142158078 - 15?
-142158104
In base 7, what is -4 - 3011435?
-3011442
In base 10, what is 21190052 - -15?
21190067
In base 6, what is 45542404 + 0?
45542404
In base 16, what is 3ac4 + 1c77?
573b
In base 12, what is 119136 - 8?
11912a
In base 10, what is -2 - 19113125?
-19113127
In base 4, what is -213221020312311 - 2?
-213221020312313
In base 10, what is 406350 + 64?
406414
In base 10, what is 27009 - 277?
26732
In base 9, what is 453342 + 11?
453353
In base 6, what is -12030 - -10144?
-1442
In base 16, what is -560a5f - -1?
-560a5e
In base 6, what is -113253 + 100014?
-13235
In base 11, what is -a6a58 - 274?
-a7221
In base 5, what is -2 - -131212043043?
131212043041
In base 16, what is -8 + -1a2ec0d?
-1a2ec15
In base 15, what is -1 - -dcceb6?
dcceb5
In base 12, what is -40112 + -a4?
-401b6
In base 6, what is 3144123 - -2503?
3151030
In base 8, what is 33 - -166327710?
166327743
In base 2, what is -100 - -10100011100110010110001011?
10100011100110010110000111
In base 15, what is cb6 + 7ce?
1595
In base 11, what is 13a9264 - 10?
13a9254
In base 6, what is -5214440 + -140?
-5215020
In base 8, what is -2100420 + 166?
-2100232
In base 3, what is 122120 + 22122121111?
22200021001
In base 16, what is 1b8 - f0f89?
-f0dd1
In base 11, what is 93a3 + -36a78?
-28685
In base 9, what is -3 - -6585433?
6585430
In base 3, what is 1 - 1110010020110?
-1110010020102
In base 12, what is -1037834 + -1?
-1037835
In base 13, what is 2a892 + -32?
2a860
In base 7, what is -62205514 - 20?
-62205534
In base 5, what is 20 + 3344123?
3344143
In base 12, what is 242454 + -4b?
242405
In base 8, what is -1253 - 10017?
-11272
In base 9, what is -186 - 11171?
-11367
In base 6, what is 321252 + 42253?
403545
In base 14, what is -4c46 - -26212?
213aa
In base 12, what is 5727 - 1039?
46aa
In base 13, what is -a62570 - 6?
-a62576
In base 7, what is 10 - 21206021?
-21206011
In base 2, what is -11001001111 - -1110100011110?
10110